oes 4 divide 61533?
False
Does 212 divide 315569?
False
Is 13 a factor of 72525?
False
Is 107099 a multiple of 160?
False
Does 16 divide 22057520?
True
Does 31 divide 2275736?
False
Is 2 a factor of 103785?
False
Does 10 divide 181110?
True
Is 33330 a multiple of 6?
True
Is 9 a factor of 47428?
False
Is 43 a factor of 2714528?
False
Does 65 divide 248105?
True
Is 1130305 a multiple of 11?
True
Is 191 a factor of 23508?
False
Is 86715 a multiple of 205?
True
Is 21284640 a multiple of 104?
True
Is 281414 a multiple of 83?
False
Is 27742 a multiple of 13?
True
Is 590077 a multiple of 282?
False
Is 485104 a multiple of 80?
False
Does 16 divide 38691?
False
Does 51 divide 6577968?
False
Is 585814 a multiple of 166?
True
Is 513281 a multiple of 277?
True
Is 32 a factor of 541383?
False
Is 5142558 a multiple of 219?
True
Does 8 divide 205670?
False
Is 10064 a multiple of 8?
True
Is 1635164 a multiple of 77?
False
Is 2197201 a multiple of 100?
False
Is 10 a factor of 102110?
True
Does 19 divide 230033?
True
Is 83754 a multiple of 162?
True
Is 2203950 a multiple of 105?
True
Does 105 divide 1857765?
True
Does 2 divide 395063?
False
Is 14183988 a multiple of 31?
True
Is 357 a factor of 41332?
False
Does 185 divide 627908?
False
Does 13 divide 6161297?
False
Does 9 divide 177723?
True
Is 55 a factor of 712635?
True
Is 227 a factor of 204011?
False
Does 16 divide 881320?
False
Is 603 a factor of 888219?
True
Does 8 divide 1945851?
False
Does 58 divide 1798614?
False
Is 9 a factor of 3743262?
True
Is 383398 a multiple of 10?
False
Is 690 a factor of 9812394?
False
Is 314242 a multiple of 10?
False
Does 19 divide 887319?
True
Is 2797535 a multiple of 65?
True
Is 1588977 a multiple of 117?
True
Is 65082 a multiple of 52?
False
Does 44 divide 66463?
False
Is 475 a factor of 3675589?
False
Does 45 divide 313841?
False
Does 116 divide 11122?
False
Is 18760614 a multiple of 94?
True
Is 1148815 a multiple of 45?
False
Is 31 a factor of 454100?
False
Is 14 a factor of 1483211?
False
Is 846886 a multiple of 59?
True
Is 20 a factor of 867080?
True
Is 4639 a multiple of 27?
False
Is 701 a factor of 764797?
False
Is 75 a factor of 462450?
True
Does 66 divide 290862?
True
Does 819 divide 436527?
True
Does 15 divide 4673254?
False
Is 47 a factor of 2450571?
False
Is 20 a factor of 11386?
False
Does 50 divide 381913?
False
Is 2946656 a multiple of 351?
False
Is 66 a factor of 916254?
False
Is 410400 a multiple of 16?
True
Is 28512 a multiple of 66?
True
Does 571 divide 2317118?
True
Is 12655995 a multiple of 11?
True
Does 66 divide 1067946?
True
Is 193375 a multiple of 455?
True
Is 5086424 a multiple of 26?
False
Is 4 a factor of 547114?
False
Is 828103 a multiple of 643?
False
Is 11 a factor of 2411059?
False
Is 1123259 a multiple of 146?
False
Is 125810 a multiple of 230?
True
Is 13 a factor of 44838?
False
Is 69 a factor of 9089071?
False
Is 11403 a multiple of 11?
False
Is 352222 a multiple of 55?
False
Does 2380 divide 2577040?
False
Is 11 a factor of 1770758?
True
Is 72617 a multiple of 5?
False
Does 8 divide 314028?
False
Is 1310673 a multiple of 7?
True
Is 1247940 a multiple of 108?
True
Is 14 a factor of 97218?
False
Is 13 a factor of 464048?
True
Is 14 a factor of 4212689?
False
Is 5 a factor of 136250?
True
Is 69966 a multiple of 9?
True
Does 23 divide 510721?
False
Does 351 divide 1445715?
False
Is 110830 a multiple of 5?
True
Is 2565 a multiple of 19?
True
Is 1279630 a multiple of 110?
True
Is 294419 a multiple of 175?
False
Is 7 a factor of 943908?
True
Is 12614371 a multiple of 26?
False
Does 8 divide 101827?
False
Is 240 a factor of 286800?
True
Is 1247442 a multiple of 11?
False
Does 5 divide 5966405?
True
Is 4163176 a multiple of 101?
False
Is 273 a factor of 226863?
True
Is 59764 a multiple of 67?
True
Does 1493 divide 3760867?
True
Does 14 divide 156119?
False
Does 49 divide 600699?
False
Does 221 divide 319124?
True
Does 766 divide 11515810?
False
Does 129 divide 5731851?
False
Does 38 divide 2002068?
True
Is 25 a factor of 227194?
False
Is 9 a factor of 117882?
True
Is 17 a factor of 2742083?
True
Is 515580 a multiple of 390?
True
Is 36 a factor of 150559?
False
Is 717 a factor of 6526134?
True
Does 2 divide 50814?
True
Is 9337098 a multiple of 74?
True
Is 24 a factor of 1599350?
False
Is 2618285 a multiple of 11?
False
Does 271 divide 460265?
False
Is 43 a factor of 5625011?
False
Is 66 a factor of 1181070?
True
Is 14 a factor of 5829768?
True
Is 24 a factor of 545714?
False
Is 618654 a multiple of 46?
True
Is 92 a factor of 3585056?
True
Is 1978953 a multiple of 4?
False
Is 267930 a multiple of 687?
True
Is 545 a factor of 127671?
False
Is 18 a factor of 162688?
False
Is 6 a factor of 439932?
True
Is 447304 a multiple of 5?
False
Is 1021 a factor of 2952169?
False
Is 645 a factor of 693375?
True
Is 41139 a multiple of 7?
True
Is 14 a factor of 6331703?
False
Is 426916 a multiple of 186?
False
Is 290 a factor of 161530?
True
Does 16 divide 1641808?
True
Is 1176693 a multiple of 409?
True
Does 12 divide 171236?
False
Is 15 a factor of 9434294?
False
Does 11 divide 1249927?
False
Is 335826 a multiple of 27?
True
Is 58032 a multiple of 52?
True
Is 1567773 a multiple of 7?
False
Is 767 a factor of 641979?
True
Does 10 divide 79870?
True
Is 333 a factor of 6400222?
False
Does 11 divide 337168?
False
Is 709704 a multiple of 24?
True
Does 322 divide 597646?
False
Does 839 divide 4188097?
False
Is 3155635 a multiple of 44?
False
Is 375911 a multiple of 107?
False
Is 449670 a multiple of 26?
True
Is 41520 a multiple of 4?
True
Is 304 a factor of 988176?
False
Does 219 divide 659409?
True
Is 451400 a multiple of 100?
True
Does 15 divide 814230?
True
Does 102 divide 1674534?
True
Is 68358 a multiple of 4?
False
Does 53 divide 89517?
True
Is 10249320 a multiple of 120?
True
Does 507 divide 1199562?
True
Is 473826 a multiple of 6?
True
Is 1629258 a multiple of 179?
True
Is 1438294 a multiple of 214?
True
Is 1506 a factor of 6618870?
True
Is 4 a factor of 1017915?
False
Does 8 divide 38719?
False
Is 11961727 a multiple of 58?
False
Does 42 divide 4032811?
False
Does 28 divide 4676?
True
Is 32 a factor of 5342125?
False
Does 1095 divide 11412090?
True
Does 58 divide 9655456?
False
Is 14 a factor of 11585392?
True
Does 1451 divide 2560039?
False
Is 224 a factor of 1028158?
False
Is 11471775 a multiple of 21?
True
Is 249044 a multiple of 79?
False
Does 119 divide 41968?
False
Is 12680830 a multiple of 29?
True
Does 808 divide 2864837?
False
Is 231677 a multiple of 13?
False
Is 10688376 a multiple of 578?
True
Is 213744 a multiple of 73?
True
Is 15 a factor of 6253905?
True
Does 22 divide 17278?
False
Does 407 divide 403653?
False
Is 1313854 a multiple of 134?
False
Does 197 divide 1227310?
True
Does 41 divide 2618611?
False
Is 4257344 a multiple of 16?
True
Is 9 a factor of 326345?
False
Is 8 a factor of 20480?
True
Does 265 divide 1458072?
False
Is 692382 a multiple of 233?
False
Does 8 divide 161813?
False
Does 9 divide 197577?
True
Does 361 divide 56300?
False
Does 14 divide 4889528?
True
Is 177074 a multiple of 9?
False
Is 3 a factor of 64834?
False
Is 28614001 a multiple of 414?
False
Is 114 a factor of 198360?
True
Is 199 a factor of 516299?
False
Is 13175884 a multiple of 89?
False
Does 117 divide 5748246?
False
Is 716660 a multiple of 28?
True
Is 372624 a multiple of 4?
True
Does 964 divide 3007680?
True
Does 12 divide 92240?
False
Is 1165612 a multiple of 25?
False
Is 12638065 a multiple of 55?
True
Is 14333922 a multiple of 92?
False
Is 647592 a multiple of 6?
True
Is 162530 a multiple of 21?
False
Is 222000 a multiple of 20?
True
Is 327 a factor of 1840173?
False
Does 38 divide 1376851?
False
Is 62 a factor of 1713246?
True
Is 2065467 a multiple of 539?
False
Is 192 a factor of 97728?
True
Is 197591 a multiple of 17?
True
Is 6441790 a multiple of 57?
False
Is 878187 a multiple of 199?
True
Is 8 a factor of 162041?
False
Does 23 divide 4640066?
True
Is 344 a factor of 1835409?
False
Is 12 a factor of 1977096?
True
Is 9219 a multiple of 2?
False
Is 2422173 a multiple of 146?
False
Does 11 divide 5430666?
False
Does 21 divide 95907?
True
Is 15 a factor of 129553?
False
Is 15 a factor of 393660?
True
Does 359 divide 809875?
False
Is 45 a factor of 7360?